{"id":25,"date":"2018-02-09T10:42:20","date_gmt":"2018-02-09T10:42:20","guid":{"rendered":"http:\/\/freiredner.com\/?page_id=25"},"modified":"2025-10-06T11:53:36","modified_gmt":"2025-10-06T11:53:36","slug":"feedbacks","status":"publish","type":"page","link":"https:\/\/freiredner.com\/?page_id=25","title":{"rendered":"Meinungen \u00fcber mich"},"content":{"rendered":"\n<p><strong>Nicht alle Paare melden sich nach der Trauung. Ist schade, aber nicht zu \u00e4ndern.<\/strong><\/p>\n\n\n\n<p><strong>Hier die R\u00fcckmeldungen, die ich nachweisen kann, weil sie mir geschrieben und nicht &#8222;nur&#8220; gesagt wurden.<\/strong><\/p>\n\n\n<p><strong>2025<\/strong><\/p>\n<div dir=\"auto\">\n<p class=\"moz-quote-pre\">&#8222;Mein Verlobter und ich heiraten am 08.08.2026. wir suchen f\u00fcr unsere freie Trauung noch einen Trauredner. Wir kommen zwar vom Niederrhein aber haben Sie letztes Jahr auf einer freien Trauung gesehen und waren absolut begeistert! Wir freuen uns auf Ihre R\u00fcckmeldung!&#8220;<\/p>\n<\/div>\n<div dir=\"auto\">\u00a0<\/div>\n<div dir=\"auto\">\u00a0<\/div>\n<div dir=\"auto\">&#8222;Lieber Jan,\u00a0<\/div>\n<div dir=\"auto\">\u00a0<\/div>\n<div dir=\"auto\">wir wollten uns auch noch bei dir gemeldet haben, nachdem wir jetzt aus unseren Flitterwochen gekommen sind und wir alles nochmal haben Revue passieren lassen.\u00a0<\/div>\n<div dir=\"auto\">\u00a0<\/div>\n<div dir=\"auto\">Ehrlicherweise m\u00f6chten wir uns ausschlie\u00dflich bei dir bedanken! Du hast uns eine ganz wunderbare Trauung geschaffen und bist auf all unsere W\u00fcnsche eingegangen. Auch in der Vorbereitung standest du uns zur Seite in unserer \u201eUnsicherheit\u201c. Wir haben w\u00e4hrend der Trauung viel gelacht, hatten aber auch emotionale Momente, so wie wir es uns gew\u00fcnscht haben.\u00a0<\/div>\n<div dir=\"auto\">Somit k\u00f6nnen wir kurzum wirklich nur DANKE sagen!<\/div>\n<div dir=\"auto\">Auch f\u00fcr unseren G\u00e4sten kam viel positives Feedback und wir empfehlen dich gerne weiter.&#8220;<\/div>\n<div dir=\"auto\">\u00a0<\/div>\n\n\n<p><strong>2024<\/strong><\/p>\n\n\n\n<pre class=\"wp-block-preformatted\"><kbd><em>\"Hallo Jan,\nwir m\u00f6chten uns bei dir f\u00fcr die tolle Trauung bedanken. Du hast unsere Geschichte wirklich sehr sch\u00f6n und humorvoll erz\u00e4hlt. Genau so haben wir uns das vorgestellt. Auch unsere G\u00e4ste waren total begeistert. Diese Art war genau das Richtige f\u00fcr uns.\nVielen Dank.\nLiebe Gr\u00fc\u00dfe\"<\/em><\/kbd><\/pre>\n\n\n\n<p><\/p>\n\n\n\n<p><strong>2021<\/strong><\/p>\n\n\n\n<p>&#8222;Hallo lieber Jan, <\/p>\n\n\n\n<p>wir haben vorhin unsere Hochzeitsbilder mal wieder durchgeschaut und dieses Bild mit dir gefunden. Wir m\u00f6chten uns auf diesem Wege auch nochmal herzlich bei dir bedanken f\u00fcr die wundersch\u00f6ne Trauung.Du hast unseren sch\u00f6nsten Tag einfach perfekt gemacht. Auf diesem Wege teilen wir dir auch mit, dass wir jetzt auch Eltern werden. Wir erwarten unser erstes Kind.&#8220;<\/p>\n\n\n\n<p><strong>2020<\/strong><\/p>\n\n\n\n<p>&#8222;Leider ist es in unserem Alltag immer wieder untergegangen uns noch einmal bei dir zu melden.&nbsp; Aber auch wenn es jetzt schon einige Zeit her ist, m\u00f6chten wir dir gern ein Feedback geben.<\/p>\n\n\n\n<p>Die Traurede, die du f\u00fcr uns geschrieben hast, hat uns sehr gut gefallen. Auch wenn unsere G\u00e4ste zun\u00e4chst nicht genau wussten, worauf du mit den Statistik-Vergleichen hinaus wolltest, erschien uns das doch sehr passend. Auch die eingebauten Schmunzler haben, in unseren Augen, f\u00fcr eine entspannte Atmosph\u00e4re gesorgt.<\/p>\n\n\n\n<p>Als besonders wertvoll haben wir deine Souver\u00e4nit\u00e4t bzgl. des ganzen Ablaufs empfunden. Es ist Gold wert jemanden zu haben, der durch die gesamte Trauung leitet &#8211; angefangen bei der Betreuung des Br\u00e4utigams, der Anmoderation der einzelnen Lieder, \u00fcber den Ringtausch bis hin zum Auslauf des Brautpaares.&nbsp;<\/p>\n\n\n\n<p>Insgesamt haben wir uns auch im Vorfeld sehr gut beraten und aufgehoben gef\u00fchlt und w\u00fcrden dich jederzeit weiterempfehlen.<\/p>\n\n\n\n<p>Die R\u00fcckmeldungen unserer G\u00e4ste \u00fcber die Trauung waren im \u00dcbrigen ebenfalls sehr positiv!&nbsp;<\/p>\n\n\n\n<p>Vielen lieben Dank noch einmal an dich!&#8220;<\/p>\n\n\n\n<p><strong>2017<\/strong><br>&#8222;Hallo Jan,<br>Die Feier war einfach toll und die G\u00e4ste haben soooo von deiner Trauung geschw\u00e4rmt.<br>Du hast das toll gemacht. Vielen Dank nochmal.&#8220;<\/p>\n\n\n\n<p><strong>2017<\/strong><br>&#8222;Hallo Herr Hoffmann<br>Sie haben im Juni durch die Freie Trauung von meinem Bruder (&#8230;) &amp; (&#8230;) gef\u00fchrt.<br>Nun unsere Frage, ob sie voraussichtlich am ??.08.2018 Zeit haben, uns zu trauen?&#8220;<\/p>\n\n\n\n<p><strong>2017<\/strong><br>&#8222;Hallo Jan,<br>Du warst wirklich einmalig und wir sind einfach nur froh, (&#8230;). Wir baden hier immer noch in Emotionen und beim Auspacken der ersten Geschenke flie\u00dfen immer noch Tr\u00e4nen vor R\u00fchrung und Gl\u00fcck, so liebe Menschen zu kennen. Auch du bist jetzt ein Teil in unserer Geschichte und wir haben uns die Trauung nochmal auf Video angeschaut einfach zaubersch\u00f6n, dass du diesen Moment mit uns geteilt hast!!! Wir wissen jetzt schon, dass du diesen Moment besonders gemacht hast.<br>Ganz herzlichen Dank f\u00fcr deine Spontaneit\u00e4t, treffenden Worte, und das Salz in der Suppe &#x2665;&#xfe0f; wir hoffen, dir hat es ein wenig gefallen, aber klar ist, wir fanden es spitze &#8222;<\/p>\n\n\n\n<p><strong>2016<\/strong><br><img loading=\"lazy\" decoding=\"async\" width=\"475\" height=\"669\" class=\"alignnone size-full wp-image-73\" src=\"https:\/\/freiredner.com\/wp-content\/uploads\/2018\/02\/Danketext_Sarah_Stephan.jpg\" alt=\"Danke-Text von Sarah und Stephan\" srcset=\"https:\/\/freiredner.com\/wp-content\/uploads\/2018\/02\/Danketext_Sarah_Stephan.jpg 475w, https:\/\/freiredner.com\/wp-content\/uploads\/2018\/02\/Danketext_Sarah_Stephan-213x300.jpg 213w\" sizes=\"auto, (max-width: 475px) 100vw, 475px\" \/><\/p>\n\n\n\n<p><strong>2016<\/strong><br>&#8222;Wir sind auch wieder gut erholt aus dem Urlaub zur\u00fcck und konnten nochmal alles Revue passieren lassen.<br>Es war richtig toll! Das Paar in der Warteschlange war nicht das einzige Paar, dass dich gelobt hat. Es kamen einige zu uns und haben gesagt wie sch\u00f6n die Trauung war und das du super gesprochen hast. Einige haben sogar gefragt, ob wir uns schon lange kennen w\u00fcrden, weil das so r\u00fcber kam. Bene und ich fanden es auch klasse, es war Witz dabei, ein bisschen was zum Nachdenken und ein klein wenig Romantik, aber nicht zu viel. Genau auf uns zugeschnitten, super!&#8220;<\/p>\n\n\n\n<p><strong>2016<\/strong><br>&#8222;Uns hat es wirklich super gut gefallen. Auch von unseren G\u00e4sten haben wir ein tolles Feedback zur Lokalit\u00e4t, zu dir und deiner sehr pers\u00f6nlich gehaltenen Rede erhalten. Auch die anschlie\u00dfende Feier war ein voller Erfolg, so dass wirklich alle zufrieden und gl\u00fccklich waren.&#8220;<\/p>\n\n\n\n<p><strong>2015<\/strong><br>&#8222;Wir haben Sie bei unseren Freunden letztes Jahr im Mai in Unna geh\u00f6rt und m\u00f6chten Sie fragen, ob Sie n\u00e4chstes Jahr (2016) am &#8230; Zeit haben, um bei unserer Hochzeit in &#8230; zu sprechen?&#8220;<\/p>\n\n\n\n<p><strong>2015<\/strong><br>&#8222;Die perfekte Traurede. Der perfekte Trauredner. Der perfekte Auftakt f\u00fcr eine unvergessliche Hochzeitsfeier! Unsere G\u00e4ste, insbesondere diejenigen die sich nichts unter einer freien Trauung vorstellen konnten, und vor allem wir waren bzw. sind immer noch begeistert.&#8220;<\/p>\n\n\n\n<p><strong>2014<\/strong><br>&#8222;Im \u00dcbrigen haben wir nur positives Feedback zu deiner Leistung bekommen. Fazit: W\u00fcrden wir nochmal heiraten, dann w\u00e4rst du wieder unser Redner&#8230;&#8220;<\/p>\n\n\n\n<p><strong>2013<\/strong><br>&#8222;Erstmal m\u00f6chten wir Danke sagen. Es war f\u00fcr uns einfach mehr als perfekt, das Feedback der G\u00e4ste war auch sehr gut. Es war emotional, lustig und auf den Punkt genau.&#8220;<\/p>\n","protected":false},"excerpt":{"rendered":"<p>Nicht alle Paare melden sich nach der Trauung. Ist schade, aber nicht zu \u00e4ndern. Hier die R\u00fcckmeldungen, die ich nachweisen kann, weil sie mir geschrieben und nicht &#8222;nur&#8220; gesagt wurden. 2025 &#8222;Mein Verlobter und ich heiraten am 08.08.2026. wir suchen f\u00fcr unsere freie Trauung noch einen Trauredner. Wir kommen zwar vom Niederrhein aber haben Sie &hellip; <\/p>\n<p class=\"link-more\"><a href=\"https:\/\/freiredner.com\/?page_id=25\" class=\"more-link\"><span class=\"screen-reader-text\">&#8222;Meinungen \u00fcber mich&#8220;<\/span> weiterlesen<\/a><\/p>\n","protected":false},"author":1,"featured_media":101,"parent":0,"menu_order":0,"comment_status":"closed","ping_status":"closed","template":"","meta":{"footnotes":""},"class_list":["post-25","page","type-page","status-publish","has-post-thumbnail","hentry"],"aioseo_notices":[],"_links":{"self":[{"href":"https:\/\/freiredner.com\/index.php?rest_route=\/wp\/v2\/pages\/25","targetHints":{"allow":["GET"]}}],"collection":[{"href":"https:\/\/freiredner.com\/index.php?rest_route=\/wp\/v2\/pages"}],"about":[{"href":"https:\/\/freiredner.com\/index.php?rest_route=\/wp\/v2\/types\/page"}],"author":[{"embeddable":true,"href":"https:\/\/freiredner.com\/index.php?rest_route=\/wp\/v2\/users\/1"}],"replies":[{"embeddable":true,"href":"https:\/\/freiredner.com\/index.php?rest_route=%2Fwp%2Fv2%2Fcomments&post=25"}],"version-history":[{"count":14,"href":"https:\/\/freiredner.com\/index.php?rest_route=\/wp\/v2\/pages\/25\/revisions"}],"predecessor-version":[{"id":143,"href":"https:\/\/freiredner.com\/index.php?rest_route=\/wp\/v2\/pages\/25\/revisions\/143"}],"wp:featuredmedia":[{"embeddable":true,"href":"https:\/\/freiredner.com\/index.php?rest_route=\/wp\/v2\/media\/101"}],"wp:attachment":[{"href":"https:\/\/freiredner.com\/index.php?rest_route=%2Fwp%2Fv2%2Fmedia&parent=25"}],"curies":[{"name":"wp","href":"https:\/\/api.w.org\/{rel}","templated":true}]}}